z - 2). Calculate the greatest common divisor of 15 and l.
15
Let l = 710 + -227. Let m = 503 - l. Suppose -2*z = 2, -163 - 33 = -2*x - 4*z. What is the greatest common divisor of x and m?
20
Suppose -3*q + 902 = 2*v, v = -q + 247 + 57. Suppose -5*f = -f - 168. Calculate the greatest common divisor of f and q.
42
Suppose 0 = -69*q + 68*q. Let o be ((-21)/(-14))/((-4)/(-216 + q)). What is the highest common divisor of o and 54?
27
Suppose -4*y + 7*y = 60. Let v = -101 + 263. Suppose 3*o + v = 8*o - 4*m, 2*o + m = 57. Calculate the highest common factor of o and y.
10
Suppose -4*a - 5 = -3*c, 5*a = 3*c - 4 - 0. Suppose 672 = c*l - 3. What is the greatest common factor of l and 25?
25
Let g(w) = -w**3 - 76*w**2 - 62*w + 986. Let q be g(-75). Calculate the highest common factor of q and 13519.
11
Suppose -89*q + 17712 = -65*q. Calculate the greatest common divisor of 90 and q.
18
Let u(s) = s**2 - 26*s + 54. Let w be u(24). Suppose 5*j - 131 + 8 = b, 3*j - 15 = 0. Let x = b + 100. What is the greatest common divisor of w and x?
2
Let n = 160 + -104. Let p = -100 - -142. Calculate the greatest common factor of n and p.
14
Let q(g) = 2*g**2 + 31*g + 335. Let z be q(-10). What is the highest common divisor of 144 and z?
9
Let l be (-6)/(-16) + (-29)/(-8). Suppose -l*o + 86 = -82. Calculate the highest common factor of o and 56.
14
Let v be ((-1150)/460)/((-10)/2288). What is the greatest common factor of v and 260?
52
Suppose 216927 = 116*k - 29921. What is the highest common divisor of 665 and k?
133
Suppose -4*s + 187 = 3*f + 4, 225 = 5*s + 5*f. Let l = -12 - -15. What is the greatest common divisor of s and l?
3
Let z(t) = -t**2 + 44*t - 107. Let i = 86 + -47. Let l be z(i). Calculate the highest common divisor of 16 and l.
8
Let g = 2703 - 1391. Calculate the greatest common divisor of 48 and g.
16
Suppose -4*d = o - 27211, -2*d - 18*o = -13*o - 13583. What is the highest common divisor of 28 and d?
28
Let g be 1029/6*24/7. What is the greatest common factor of g and 7?
7
Let w(p) = -841*p**3 - p**2 + 22*p + 23. Let a be w(-1). What is the greatest common factor of a and 87?
29
Suppose 7194*s = 7230*s - 180. Let k(t) = -t**3 + t**2 + 4*t - 1. Let z be k(-3). Calculate the greatest common factor of s and z.
1
Let q = -27 + 75. Suppose q*o - 44*o - 56 = 0. What is the highest common divisor of 161 and o?
7
Let s(z) = 288 + 2*z - 8*z + 3*z + z. Let g be s(0). Suppose -9*f = 36 - g. What is the greatest common factor of 56 and f?
28
Suppose -n - 15914 + 74122 = 2*x, 4*n - 58190 = -2*x. What is the greatest common divisor of 13 and x?
13
Suppose -4*g - 38 = -50. Suppose -5*s = -l + 118 + 39, g*l - 391 = -s. Calculate the highest common factor of 96 and l.
12
Let i be (5/(-3))/((-15)/450). Suppose 242 = 4*j + i. Calculate the highest common divisor of j and 6.
6
Suppose 1640 = 5*g + 470. Let h(s) = -415*s - 778. Let f be h(-2). Calculate the highest common factor of f and g.
26
Suppose 5*b + 0*a = 3*a + 353, 5*a = 4*b - 272. Suppose 170 + b = 9*d. What is the highest common factor of 297 and d?
27
Let u = 63 + -5. Let x(m) = 327*m - 95. Let r be x(10). Suppose a - 623 = 5*w, 2*w = -5*a + 7*w + r. Calculate the greatest common factor of a and u.
58
Let x be (-156)/(-18)*(-30)/4. Let p = x + 128. Let q = -133 + 142. What is the highest common factor of q and p?
9
Let d(o) = 116 - 66 - 22*o + 5*o**2 - 4*o**2. Let u be ((-2)/(-8) - 0) + 581/28. Let k be d(u). What is the greatest common divisor of k and 87?
29
Let f = 133 + -129. Suppose 4*b = 37 - 5. Suppose -117 = -b*u - 5. What is the greatest common factor of f and u?
2
Let r(w) = 2*w**2 + 36*w + 36. Let n be r(-17). Suppose -26 = n*h - 66. Let a(j) = -2*j + 6. Let g be a(-2). Calculate the greatest common factor of h and g.
10
Let l(m) = 159*m**2 - 49*m + 140. Let c be l(5). What is the highest common divisor of 45 and c?
45
Let z be -2 - -2 - (1 - 38). Let n be ((-14)/10)/(((-488)/610)/(6 + -2)). Let f be z/(-2)*(5 - n) - -2. What is the greatest common divisor of f and 3?
3
Let c(k) = 58*k**3 + 7*k**2 - 59*k + 31. Let i be c(4). Calculate the highest common divisor of 154 and i.
77
Suppose 40*k = 39*k - 4*l + 5440, 6*l + 5440 = k. What is the greatest common divisor of k and 595?
85
Suppose 25 = 2*m + g - 3, -5*m + 5*g = -85. Let l = 126 - 116. Suppose 21*u = l*u + 33. What is the highest common factor of u and m?
3
Suppose -236 + 934 = 5*k - 3*n, -n = 6. What is the highest common factor of 14348 and k?
68
Let a(t) = t**3 + 22*t**2 + 2*t + 47. Let v be a(-22). Suppose 0*g + v*g - 372 = -3*o, g - 490 = -4*o. What is the greatest common factor of o and 61?
61
Let g(a) = -11*a + 6. Let k be g(-14). Let t be (6/8)/(60/k). Suppose 0 = -t*w - 0*w + 80. Calculate the greatest common divisor of 10 and w.
10
Let d = 19772 + -19720. What is the greatest common divisor of d and 372?
4
Let c(v) = -v**2 + 11*v - 26. Let x be c(6). Let i be x/14 + 0 + 819/49. Suppose -20*b + i*b = -60. What is the greatest common divisor of b and 10?
10
Let z = 275 + -53. Suppose -z = -n - 3*b, -2*b = -2*n + 7*n - 1136. Calculate the greatest common factor of 57 and n.
57
Let r = -3789 + 3816. Calculate the greatest common factor of 30 and r.
3
Let a(r) = -6*r - 67. Let f be a(10). Let z = 171 + f. What is the greatest common factor of 396 and z?
44
Suppose 5*a + 5*y = 660, -3 = y - 7. Suppose -3*p = p - a. Let i = 6853 + -6829. Calculate the greatest common factor of p and i.
8
Let i = 3781 - 3775. What is the highest common factor of i and 246?
6
Let g(b) = 3*b**2 + 46*b - 28. Let a(n) = -n**2 + 2*n - 2. Let r(x) = -3*a(x) + g(x). Let m be r(-9). What is the highest common factor of 39 and m?
13
Let k(u) = -10*u - 78. Let w be k(-15). Suppose 4*v + 4 - 24 = 0. Suppose 3*n - w = -v*n. What is the highest common divisor of 18 and n?
9
Let n be 18/(1620/1926) - 21/15. Calculate the highest common factor of n and 3110.
10
Let o(a) = -3*a - 1. Let c be o(-1). Let t = -288 - -278. Let d be t/3*30/(-25). Calculate the greatest common factor of d and c.
2
Let i(a) = 24*a + 142. Let t be i(-22). Let d = t - -496. Suppose w = -5*c, -2*w + 29 - 7 = -c. Calculate the greatest common factor of d and w.
10
Let g be 10/50 - (144/45 - (2 - -1)). Suppose 3*w - 53 = 5*k - 12, 3*k - 21 = -2*w. Suppose -4*x + w - 4 = g. Calculate the highest common factor of x and 16.
2
Suppose 4*f = 3*w + 1533, 11*f - 10*f = w + 383. Suppose -o + f - 324 = 0. What is the greatest common factor of o and 70?
10
Let d = 13 - 2. Let k = -4593 - -4626. What is the greatest common factor of k and d?
11
Suppose g - 5*m = -0*g - 21, -m + 9 = g. Let z be (4080/(-1275))/(0 + 1/(-5)). Suppose -g*d = -z*d + 228. What is the highest common factor of 76 and d?
19
Suppose 2*l = 5*u - 1373, 258*l = -4*u + 254*l + 1076. What is the greatest common factor of 364 and u?
91
Let f = 1644 + -1619. Calculate the greatest common divisor of f and 10.
5
Let t be (-15)/10*(-8)/6. Suppose 2*h - h - 9 = -y, -t*y = -4*h + 60. Let v be (-1)/(3/(-154)) - (-2)/3. What is the greatest common factor of h and v?
13
Let a = 215 - 205. Let p be a/((-1)/(-3)*(-9)/(-6)). Suppose -4*g - 130 = -4*l + 10, -3*l = 4*g - 70. What is the highest common divisor of p and l?
10
Let i be 933*(2/4)/((-12)/(-8)). Let h = i - 211. Calculate the highest common divisor of 4 and h.
4
Suppose -7*s = -4*s - 3. Let v(q) = -4*q + 1. Let h be v(s). Let u(a) = 5*a**2 + 6*a + 5. Let t be u(h). Calculate the highest common factor of 8 and t.
8
Let b(s) = -289*s**3 + 3*s**2 + 4*s + 4. Let o be b(-2). Calculate the greatest common divisor of 174 and o.
58
Let w(x) = 128*x - 20576. Let v be w(161). Let j be (-574)/(-2) - (-2 + 1). What is the greatest common factor of v and j?
32
Suppose 233 + 199 = -8*f. Let r be (-6)/f*-3*-135. Calculate the highest common divisor of r and 27.
9
Suppose -71*d + 18377 = -24*d. Suppose -d = -3*v + 1718. Calculate the highest common divisor of 37 and v.
37
Let y be -27*(-15)/9*(-1 + 2). Calculate the greatest common factor of y and 125.
5
Let w(j) = 2*j**2 + 146*j - 596. Let o be w(4). Calculate the greatest common factor of o and 530.
10
Suppose -2*g - 2*u = 0, 0*u = -5*g + 3*u. Let x be g + 1 + -7 - -36. Calculate the highest common factor of 54 and x.
6
Let n be 15/2*330/(-25). Let a = n 